{"id":180830,"date":"2021-01-02T15:14:04","date_gmt":"2021-01-02T14:14:04","guid":{"rendered":"http:\/\/www.dogtas.at\/new\/?post_type=product&#038;p=180830"},"modified":"2021-09-07T13:47:46","modified_gmt":"2021-09-07T11:47:46","slug":"marvin-321-sitzgruppe-mit-bettfunktion","status":"publish","type":"product","link":"https:\/\/www.dogtas.at\/new\/produkt\/marvin-321-sitzgruppe-mit-bettfunktion\/","title":{"rendered":"Marvin 3+2+1 Sitzgruppe mit Bettfunktion"},"content":{"rendered":"<p>Ruhig, mit Qualit\u00e4t und L\u00f6sungen. Entwickelt f\u00fcr diejenigen, die auf engstem Raum einen n\u00fctzlichen Raum schaffen m\u00f6chten. Marvins Struktur, die sich auf aufrichtige Details konzentriert und praktische Vorkehrungen erm\u00f6glicht, macht Ihr Wohnzimmer zu einem echten Wohnraum. Eine echte Stilikone zu sein bedeutet nicht unbedingt, immer f\u00fcr die Kameras zu posieren oder st\u00e4ndig mit einem auff\u00e4lligen Ruhm aufzutauchen. Marvins Stuhl und Sofa (entweder 135 oder 165 cm) sind beide als Schlafsofas konzipiert. Die St\u00fccke, die die Augen verw\u00f6hnen, schaffen ein ordentliches Wohnzimmer. Und wenn sie als Betten mit Decken und Kissen verwendet werden, f\u00fchlen Sie sich in einem warmen und sch\u00f6nen, &#8220;gem\u00fctlichen&#8221; Wohnraum. Marvins Inspiration sind neutrale Farben, einfaches Design und unendliche Benutzerfreundlichkeit. Dank seines lebensrettenden Minimal-Designs bietet es die ideale L\u00f6sung f\u00fcr diejenigen, die enge R\u00e4ume sowohl als Wohnzimmer als auch als Schlafzimmer betrachten m\u00f6chten. Dank der Hunderte von Stoffalternativen k\u00f6nnen Sie die Farbskala Ihres Wohnzimmers nach Ihren W\u00fcnschen variieren. Marvins nat\u00fcrlicher Komfortton kann eine Sucht bilden. Schlie\u00dflich ist es schwierig, die Komfortzone zu verlassen.<\/p>\n","protected":false},"excerpt":{"rendered":"<p>Ruhig, mit Qualit\u00e4t und L\u00f6sungen. Entwickelt f\u00fcr diejenigen, die auf engstem Raum einen n\u00fctzlichen Raum schaffen m\u00f6chten. Marvins Struktur, die<\/p>\n","protected":false},"featured_media":180833,"comment_status":"open","ping_status":"closed","template":"","meta":{"_joinchat":[]},"product_cat":[557,6072],"product_tag":[6158,6159],"yoast_head":"<!-- This site is optimized with the Yoast SEO plugin v19.13 - https:\/\/yoast.com\/wordpress\/plugins\/seo\/ -->\n<title>Marvin 3+2+1 Sitzgruppe mit Bettfunktion - Dogtas - Qualit\u00e4t f\u00fchlen!<\/title>\n<meta name=\"robots\" content=\"index, follow, max-snippet:-1, max-image-preview:large, max-video-preview:-1\" \/>\n<link rel=\"canonical\" href=\"http:\/\/www.dogtas.at\/new\/produkt\/marvin-321-sitzgruppe-mit-bettfunktion\/\" \/>\n<meta property=\"og:locale\" content=\"de_DE\" \/>\n<meta property=\"og:type\" content=\"article\" \/>\n<meta property=\"og:title\" content=\"Marvin 3+2+1 Sitzgruppe mit Bettfunktion - Dogtas - Qualit\u00e4t f\u00fchlen!\" \/>\n<meta property=\"og:description\" content=\"Ruhig, mit Qualit\u00e4t und L\u00f6sungen. Entwickelt f\u00fcr diejenigen, die auf engstem Raum einen n\u00fctzlichen Raum schaffen m\u00f6chten. Marvins Struktur, die\" \/>\n<meta property=\"og:url\" content=\"http:\/\/www.dogtas.at\/new\/produkt\/marvin-321-sitzgruppe-mit-bettfunktion\/\" \/>\n<meta property=\"og:site_name\" content=\"Dogtas - Qualit\u00e4t f\u00fchlen!\" \/>\n<meta property=\"article:publisher\" content=\"https:\/\/www.facebook.com\/saloniwien\" \/>\n<meta property=\"article:modified_time\" content=\"2021-09-07T11:47:46+00:00\" \/>\n<meta property=\"og:image\" content=\"http:\/\/www.dogtas.at\/new\/wp-content\/uploads\/marvin-profil.png\" \/>\n\t<meta property=\"og:image:width\" content=\"1500\" \/>\n\t<meta property=\"og:image:height\" content=\"1500\" \/>\n\t<meta property=\"og:image:type\" content=\"image\/png\" \/>\n<meta name=\"twitter:card\" content=\"summary_large_image\" \/>\n<meta name=\"twitter:label1\" content=\"Gesch\u00e4tzte Lesezeit\" \/>\n\t<meta name=\"twitter:data1\" content=\"1\u00a0Minute\" \/>\n<script type=\"application\/ld+json\" class=\"yoast-schema-graph\">{\"@context\":\"https:\/\/schema.org\",\"@graph\":[{\"@type\":\"WebPage\",\"@id\":\"http:\/\/www.dogtas.at\/new\/produkt\/marvin-321-sitzgruppe-mit-bettfunktion\/\",\"url\":\"http:\/\/www.dogtas.at\/new\/produkt\/marvin-321-sitzgruppe-mit-bettfunktion\/\",\"name\":\"Marvin 3+2+1 Sitzgruppe mit Bettfunktion - Dogtas - Qualit\u00e4t f\u00fchlen!\",\"isPartOf\":{\"@id\":\"http:\/\/www.dogtas.at\/new\/#website\"},\"datePublished\":\"2021-01-02T14:14:04+00:00\",\"dateModified\":\"2021-09-07T11:47:46+00:00\",\"breadcrumb\":{\"@id\":\"http:\/\/www.dogtas.at\/new\/produkt\/marvin-321-sitzgruppe-mit-bettfunktion\/#breadcrumb\"},\"inLanguage\":\"de\",\"potentialAction\":[{\"@type\":\"ReadAction\",\"target\":[\"http:\/\/www.dogtas.at\/new\/produkt\/marvin-321-sitzgruppe-mit-bettfunktion\/\"]}]},{\"@type\":\"BreadcrumbList\",\"@id\":\"http:\/\/www.dogtas.at\/new\/produkt\/marvin-321-sitzgruppe-mit-bettfunktion\/#breadcrumb\",\"itemListElement\":[{\"@type\":\"ListItem\",\"position\":1,\"name\":\"Startseite\",\"item\":\"http:\/\/www.dogtas.at\/new\/\"},{\"@type\":\"ListItem\",\"position\":2,\"name\":\"Shop\",\"item\":\"http:\/\/www.dogtas.at\/new\/shop\/\"},{\"@type\":\"ListItem\",\"position\":3,\"name\":\"Marvin 3+2+1 Sitzgruppe mit Bettfunktion\"}]},{\"@type\":\"WebSite\",\"@id\":\"http:\/\/www.dogtas.at\/new\/#website\",\"url\":\"http:\/\/www.dogtas.at\/new\/\",\"name\":\"Dogtas - Qualit\u00e4t f\u00fchlen!\",\"description\":\"Qualit\u00e4t f\u00fchlen!\",\"potentialAction\":[{\"@type\":\"SearchAction\",\"target\":{\"@type\":\"EntryPoint\",\"urlTemplate\":\"http:\/\/www.dogtas.at\/new\/?s={search_term_string}\"},\"query-input\":\"required name=search_term_string\"}],\"inLanguage\":\"de\"}]}<\/script>\n<!-- \/ Yoast SEO plugin. -->","yoast_head_json":{"title":"Marvin 3+2+1 Sitzgruppe mit Bettfunktion - Dogtas - Qualit\u00e4t f\u00fchlen!","robots":{"index":"index","follow":"follow","max-snippet":"max-snippet:-1","max-image-preview":"max-image-preview:large","max-video-preview":"max-video-preview:-1"},"canonical":"http:\/\/www.dogtas.at\/new\/produkt\/marvin-321-sitzgruppe-mit-bettfunktion\/","og_locale":"de_DE","og_type":"article","og_title":"Marvin 3+2+1 Sitzgruppe mit Bettfunktion - Dogtas - Qualit\u00e4t f\u00fchlen!","og_description":"Ruhig, mit Qualit\u00e4t und L\u00f6sungen. Entwickelt f\u00fcr diejenigen, die auf engstem Raum einen n\u00fctzlichen Raum schaffen m\u00f6chten. Marvins Struktur, die","og_url":"http:\/\/www.dogtas.at\/new\/produkt\/marvin-321-sitzgruppe-mit-bettfunktion\/","og_site_name":"Dogtas - Qualit\u00e4t f\u00fchlen!","article_publisher":"https:\/\/www.facebook.com\/saloniwien","article_modified_time":"2021-09-07T11:47:46+00:00","og_image":[{"width":1500,"height":1500,"url":"http:\/\/www.dogtas.at\/new\/wp-content\/uploads\/marvin-profil.png","type":"image\/png"}],"twitter_card":"summary_large_image","twitter_misc":{"Gesch\u00e4tzte Lesezeit":"1\u00a0Minute"},"schema":{"@context":"https:\/\/schema.org","@graph":[{"@type":"WebPage","@id":"http:\/\/www.dogtas.at\/new\/produkt\/marvin-321-sitzgruppe-mit-bettfunktion\/","url":"http:\/\/www.dogtas.at\/new\/produkt\/marvin-321-sitzgruppe-mit-bettfunktion\/","name":"Marvin 3+2+1 Sitzgruppe mit Bettfunktion - Dogtas - Qualit\u00e4t f\u00fchlen!","isPartOf":{"@id":"http:\/\/www.dogtas.at\/new\/#website"},"datePublished":"2021-01-02T14:14:04+00:00","dateModified":"2021-09-07T11:47:46+00:00","breadcrumb":{"@id":"http:\/\/www.dogtas.at\/new\/produkt\/marvin-321-sitzgruppe-mit-bettfunktion\/#breadcrumb"},"inLanguage":"de","potentialAction":[{"@type":"ReadAction","target":["http:\/\/www.dogtas.at\/new\/produkt\/marvin-321-sitzgruppe-mit-bettfunktion\/"]}]},{"@type":"BreadcrumbList","@id":"http:\/\/www.dogtas.at\/new\/produkt\/marvin-321-sitzgruppe-mit-bettfunktion\/#breadcrumb","itemListElement":[{"@type":"ListItem","position":1,"name":"Startseite","item":"http:\/\/www.dogtas.at\/new\/"},{"@type":"ListItem","position":2,"name":"Shop","item":"http:\/\/www.dogtas.at\/new\/shop\/"},{"@type":"ListItem","position":3,"name":"Marvin 3+2+1 Sitzgruppe mit Bettfunktion"}]},{"@type":"WebSite","@id":"http:\/\/www.dogtas.at\/new\/#website","url":"http:\/\/www.dogtas.at\/new\/","name":"Dogtas - Qualit\u00e4t f\u00fchlen!","description":"Qualit\u00e4t f\u00fchlen!","potentialAction":[{"@type":"SearchAction","target":{"@type":"EntryPoint","urlTemplate":"http:\/\/www.dogtas.at\/new\/?s={search_term_string}"},"query-input":"required name=search_term_string"}],"inLanguage":"de"}]}},"_links":{"self":[{"href":"https:\/\/www.dogtas.at\/new\/wp-json\/wp\/v2\/product\/180830"}],"collection":[{"href":"https:\/\/www.dogtas.at\/new\/wp-json\/wp\/v2\/product"}],"about":[{"href":"https:\/\/www.dogtas.at\/new\/wp-json\/wp\/v2\/types\/product"}],"replies":[{"embeddable":true,"href":"https:\/\/www.dogtas.at\/new\/wp-json\/wp\/v2\/comments?post=180830"}],"wp:featuredmedia":[{"embeddable":true,"href":"https:\/\/www.dogtas.at\/new\/wp-json\/wp\/v2\/media\/180833"}],"wp:attachment":[{"href":"https:\/\/www.dogtas.at\/new\/wp-json\/wp\/v2\/media?parent=180830"}],"wp:term":[{"taxonomy":"product_cat","embeddable":true,"href":"https:\/\/www.dogtas.at\/new\/wp-json\/wp\/v2\/product_cat?post=180830"},{"taxonomy":"product_tag","embeddable":true,"href":"https:\/\/www.dogtas.at\/new\/wp-json\/wp\/v2\/product_tag?post=180830"}],"curies":[{"name":"wp","href":"https:\/\/api.w.org\/{rel}","templated":true}]}}