{"id":182578,"date":"2021-01-07T23:51:14","date_gmt":"2021-01-07T22:51:14","guid":{"rendered":"http:\/\/www.dogtas.at\/new\/?post_type=product&#038;p=182578"},"modified":"2021-09-07T15:24:32","modified_gmt":"2021-09-07T13:24:32","slug":"hector-esszimmer","status":"publish","type":"product","link":"https:\/\/www.dogtas.at\/new\/produkt\/hector-esszimmer\/","title":{"rendered":"Hector Esszimmer Set"},"content":{"rendered":"<p>Das Hector-Esszimmerset, eine Produktgruppe, auf die unter den zeitgen\u00f6ssischen Esszimmerdesigns hingewiesen wird, spiegelt die Spuren eines kreativen Stils wider, der weit vom klassischen Verst\u00e4ndnis entfernt ist. Hector, der einen extrem sportlichen und l\u00e4ssigen Stil hat, bleibt im Wettlauf um Eleganz nie hinter anderen Trends zur\u00fcck.<\/p>\n<p>St\u00fchle mit warmen Stoffen und einem modernen Konzept werden verwendet, um den st\u00e4ndig erneuerten Trend mithilfe von G\u00e4nsefu\u00dfmustern einzufangen, und es entsteht ein gekonnt interpretiertes Bild.<\/p>\n<p>Der Esstisch, der in elliptischer Form gestaltet und vergr\u00f6\u00dfert werden kann, bietet sowohl funktionale Nutzung als auch schlichte Eleganz. Es unterst\u00fctzt seine Robustheit mit dem Holzmaterial an den F\u00fc\u00dfen.<\/p>\n<p>Die gesamte Komposition bietet eine weibliche Eleganz mit Griffen, die an einen goldenen Ring und einen Frauenohrring erinnern.<\/p>\n<p>Die Konsole, die Einfachheit in die Mitte stellt und eine gro\u00dfz\u00fcgige Energie an die Umgebung abgibt, dicke goldene B\u00e4nder an den Konsolenbeinen, ein freigeistiger Konsolenspiegel und gl\u00e4nzende Metallgriffe gelten als die eindrucksvollste Zusammenfassung des Hector-Esszimmersets. Kalte goldene Details auf dem Spiegel, den Konsolendeckeln und den Griffen verleihen der Serie Charme, Energie und Perfektion. Eine unruhige und widerspenstige Energie ist im Hector-Esszimmerset zu sp\u00fcren, das sich st\u00e4ndig erneuert und der Mode seinen eigenen Atem verleiht. Do\u011fta\u015fs kreative Akzente bringen Hector in die Welt und zielen darauf ab, einem jungen und jungen Publikum einen zeitgem\u00e4\u00dfen und funktionalen Stil zu pr\u00e4sentieren. Hectors Esszimmerset, eine sehr genaue Option f\u00fcr diejenigen, die minimalen Stil lieben, ist ein Kandidat, um die erste Wahl f\u00fcr diejenigen zu sein, die sich mit Einfachheit ausdr\u00fccken.<\/p>\n","protected":false},"excerpt":{"rendered":"<p>Das Hector-Esszimmerset, eine Produktgruppe, auf die unter den zeitgen\u00f6ssischen Esszimmerdesigns hingewiesen wird, spiegelt die Spuren eines kreativen Stils wider, der<\/p>\n","protected":false},"featured_media":182579,"comment_status":"open","ping_status":"closed","template":"","meta":{"_joinchat":[]},"product_cat":[6245,532],"product_tag":[6033,6034],"yoast_head":"<!-- This site is optimized with the Yoast SEO plugin v19.13 - https:\/\/yoast.com\/wordpress\/plugins\/seo\/ -->\n<title>Hector Esszimmer Set - Dogtas - Qualit\u00e4t f\u00fchlen!<\/title>\n<meta name=\"robots\" content=\"index, follow, max-snippet:-1, max-image-preview:large, max-video-preview:-1\" \/>\n<link rel=\"canonical\" href=\"https:\/\/www.dogtas.at\/new\/produkt\/hector-esszimmer\/\" \/>\n<meta property=\"og:locale\" content=\"de_DE\" \/>\n<meta property=\"og:type\" content=\"article\" \/>\n<meta property=\"og:title\" content=\"Hector Esszimmer Set - Dogtas - Qualit\u00e4t f\u00fchlen!\" \/>\n<meta property=\"og:description\" content=\"Das Hector-Esszimmerset, eine Produktgruppe, auf die unter den zeitgen\u00f6ssischen Esszimmerdesigns hingewiesen wird, spiegelt die Spuren eines kreativen Stils wider, der\" \/>\n<meta property=\"og:url\" content=\"https:\/\/www.dogtas.at\/new\/produkt\/hector-esszimmer\/\" \/>\n<meta property=\"og:site_name\" content=\"Dogtas - Qualit\u00e4t f\u00fchlen!\" \/>\n<meta property=\"article:publisher\" content=\"https:\/\/www.facebook.com\/saloniwien\" \/>\n<meta property=\"article:modified_time\" content=\"2021-09-07T13:24:32+00:00\" \/>\n<meta property=\"og:image\" content=\"https:\/\/www.dogtas.at\/new\/wp-content\/uploads\/hector-esszimmer-prof.png\" \/>\n\t<meta property=\"og:image:width\" content=\"1500\" \/>\n\t<meta property=\"og:image:height\" content=\"1500\" \/>\n\t<meta property=\"og:image:type\" content=\"image\/png\" \/>\n<meta name=\"twitter:card\" content=\"summary_large_image\" \/>\n<meta name=\"twitter:label1\" content=\"Gesch\u00e4tzte Lesezeit\" \/>\n\t<meta name=\"twitter:data1\" content=\"1\u00a0Minute\" \/>\n<script type=\"application\/ld+json\" class=\"yoast-schema-graph\">{\"@context\":\"https:\/\/schema.org\",\"@graph\":[{\"@type\":\"WebPage\",\"@id\":\"https:\/\/www.dogtas.at\/new\/produkt\/hector-esszimmer\/\",\"url\":\"https:\/\/www.dogtas.at\/new\/produkt\/hector-esszimmer\/\",\"name\":\"Hector Esszimmer Set - Dogtas - Qualit\u00e4t f\u00fchlen!\",\"isPartOf\":{\"@id\":\"http:\/\/www.dogtas.at\/new\/#website\"},\"datePublished\":\"2021-01-07T22:51:14+00:00\",\"dateModified\":\"2021-09-07T13:24:32+00:00\",\"breadcrumb\":{\"@id\":\"https:\/\/www.dogtas.at\/new\/produkt\/hector-esszimmer\/#breadcrumb\"},\"inLanguage\":\"de\",\"potentialAction\":[{\"@type\":\"ReadAction\",\"target\":[\"https:\/\/www.dogtas.at\/new\/produkt\/hector-esszimmer\/\"]}]},{\"@type\":\"BreadcrumbList\",\"@id\":\"https:\/\/www.dogtas.at\/new\/produkt\/hector-esszimmer\/#breadcrumb\",\"itemListElement\":[{\"@type\":\"ListItem\",\"position\":1,\"name\":\"Startseite\",\"item\":\"https:\/\/www.dogtas.at\/new\/\"},{\"@type\":\"ListItem\",\"position\":2,\"name\":\"Shop\",\"item\":\"https:\/\/www.dogtas.at\/new\/shop\/\"},{\"@type\":\"ListItem\",\"position\":3,\"name\":\"Hector Esszimmer Set\"}]},{\"@type\":\"WebSite\",\"@id\":\"http:\/\/www.dogtas.at\/new\/#website\",\"url\":\"http:\/\/www.dogtas.at\/new\/\",\"name\":\"Dogtas - Qualit\u00e4t f\u00fchlen!\",\"description\":\"Qualit\u00e4t f\u00fchlen!\",\"potentialAction\":[{\"@type\":\"SearchAction\",\"target\":{\"@type\":\"EntryPoint\",\"urlTemplate\":\"http:\/\/www.dogtas.at\/new\/?s={search_term_string}\"},\"query-input\":\"required name=search_term_string\"}],\"inLanguage\":\"de\"}]}<\/script>\n<!-- \/ Yoast SEO plugin. -->","yoast_head_json":{"title":"Hector Esszimmer Set - Dogtas - Qualit\u00e4t f\u00fchlen!","robots":{"index":"index","follow":"follow","max-snippet":"max-snippet:-1","max-image-preview":"max-image-preview:large","max-video-preview":"max-video-preview:-1"},"canonical":"https:\/\/www.dogtas.at\/new\/produkt\/hector-esszimmer\/","og_locale":"de_DE","og_type":"article","og_title":"Hector Esszimmer Set - Dogtas - Qualit\u00e4t f\u00fchlen!","og_description":"Das Hector-Esszimmerset, eine Produktgruppe, auf die unter den zeitgen\u00f6ssischen Esszimmerdesigns hingewiesen wird, spiegelt die Spuren eines kreativen Stils wider, der","og_url":"https:\/\/www.dogtas.at\/new\/produkt\/hector-esszimmer\/","og_site_name":"Dogtas - Qualit\u00e4t f\u00fchlen!","article_publisher":"https:\/\/www.facebook.com\/saloniwien","article_modified_time":"2021-09-07T13:24:32+00:00","og_image":[{"width":1500,"height":1500,"url":"https:\/\/www.dogtas.at\/new\/wp-content\/uploads\/hector-esszimmer-prof.png","type":"image\/png"}],"twitter_card":"summary_large_image","twitter_misc":{"Gesch\u00e4tzte Lesezeit":"1\u00a0Minute"},"schema":{"@context":"https:\/\/schema.org","@graph":[{"@type":"WebPage","@id":"https:\/\/www.dogtas.at\/new\/produkt\/hector-esszimmer\/","url":"https:\/\/www.dogtas.at\/new\/produkt\/hector-esszimmer\/","name":"Hector Esszimmer Set - Dogtas - Qualit\u00e4t f\u00fchlen!","isPartOf":{"@id":"http:\/\/www.dogtas.at\/new\/#website"},"datePublished":"2021-01-07T22:51:14+00:00","dateModified":"2021-09-07T13:24:32+00:00","breadcrumb":{"@id":"https:\/\/www.dogtas.at\/new\/produkt\/hector-esszimmer\/#breadcrumb"},"inLanguage":"de","potentialAction":[{"@type":"ReadAction","target":["https:\/\/www.dogtas.at\/new\/produkt\/hector-esszimmer\/"]}]},{"@type":"BreadcrumbList","@id":"https:\/\/www.dogtas.at\/new\/produkt\/hector-esszimmer\/#breadcrumb","itemListElement":[{"@type":"ListItem","position":1,"name":"Startseite","item":"https:\/\/www.dogtas.at\/new\/"},{"@type":"ListItem","position":2,"name":"Shop","item":"https:\/\/www.dogtas.at\/new\/shop\/"},{"@type":"ListItem","position":3,"name":"Hector Esszimmer Set"}]},{"@type":"WebSite","@id":"http:\/\/www.dogtas.at\/new\/#website","url":"http:\/\/www.dogtas.at\/new\/","name":"Dogtas - Qualit\u00e4t f\u00fchlen!","description":"Qualit\u00e4t f\u00fchlen!","potentialAction":[{"@type":"SearchAction","target":{"@type":"EntryPoint","urlTemplate":"http:\/\/www.dogtas.at\/new\/?s={search_term_string}"},"query-input":"required name=search_term_string"}],"inLanguage":"de"}]}},"_links":{"self":[{"href":"https:\/\/www.dogtas.at\/new\/wp-json\/wp\/v2\/product\/182578"}],"collection":[{"href":"https:\/\/www.dogtas.at\/new\/wp-json\/wp\/v2\/product"}],"about":[{"href":"https:\/\/www.dogtas.at\/new\/wp-json\/wp\/v2\/types\/product"}],"replies":[{"embeddable":true,"href":"https:\/\/www.dogtas.at\/new\/wp-json\/wp\/v2\/comments?post=182578"}],"wp:featuredmedia":[{"embeddable":true,"href":"https:\/\/www.dogtas.at\/new\/wp-json\/wp\/v2\/media\/182579"}],"wp:attachment":[{"href":"https:\/\/www.dogtas.at\/new\/wp-json\/wp\/v2\/media?parent=182578"}],"wp:term":[{"taxonomy":"product_cat","embeddable":true,"href":"https:\/\/www.dogtas.at\/new\/wp-json\/wp\/v2\/product_cat?post=182578"},{"taxonomy":"product_tag","embeddable":true,"href":"https:\/\/www.dogtas.at\/new\/wp-json\/wp\/v2\/product_tag?post=182578"}],"curies":[{"name":"wp","href":"https:\/\/api.w.org\/{rel}","templated":true}]}}