{"id":185421,"date":"2021-01-25T23:35:53","date_gmt":"2021-01-25T22:35:53","guid":{"rendered":"http:\/\/www.dogtas.at\/new\/?post_type=product&#038;p=185421"},"modified":"2024-08-06T08:24:03","modified_gmt":"2024-08-06T06:24:03","slug":"dream-star-matratze-90x190cm","status":"publish","type":"product","link":"https:\/\/www.dogtas.at\/new\/produkt\/dream-star-matratze-90x190cm\/","title":{"rendered":"New Dream Star Matratze 90x190cm"},"content":{"rendered":"<div class=\"tab-title\"><\/div>\n<div class=\"tab-content-area\">\n<div class=\"content-row\">\n<div class=\"half-width\"><img loading=\"lazy\" class=\"inner-top-image\" src=\"https:\/\/www.lovayatak.com\/images\/old\/cift_taraf.jpg\" alt=\"\" width=\"474\" height=\"474\" \/><\/div>\n<div><\/div>\n<div class=\"half-width\" style=\"text-align: left;\"><strong style=\"color: #1b1919; font-size: 28px; text-align: right;\">DOPPELSEITIGE VERWENDUNG <\/strong><\/div>\n<div class=\"half-width\" style=\"text-align: left;\"><span style=\"text-align: right;\">Beide Seiten k\u00f6nnen verwendet werden. Sie k\u00f6nnen die Lebensdauer der Matratze verl\u00e4ngern, indem Sie sie in regelm\u00e4\u00dfigen Abst\u00e4nden auf den Kopf stellen.<\/span><\/div>\n<\/div>\n<div class=\"content-row\">\n<div class=\"half-width\">\n<h1><img loading=\"lazy\" class=\"inner-top-image\" style=\"color: #333333; font-size: 16px; font-weight: 400;\" src=\"https:\/\/www.lovayatak.com\/images\/old\/hrs_yay.jpg\" alt=\"\" width=\"486\" height=\"324\" \/><\/h1>\n<p>HRS HIGH RESISTANCE SPRING TECHNOLOGY<\/p>\n<p><strong>Komfortable, gesunde, starke Struktur<\/strong><\/p>\n<p>HRS hat die Form von 6 Spiralen und ist ein herk\u00f6mmliches Spulensystem, das durch sequentielles Anordnen verbessert wird. Die Spulen bestehen aus thermisch verarbeitetem Stahldraht, wodurch sie haltbarer werden und ihre Form \u00fcber viele Jahre hinweg erhalten. Die HRS-Spulentechnologie minimiert die Zusammenbr\u00fcche im Bett, die im Laufe der Zeit auftreten k\u00f6nnen. Da es unter anderen Matratzen eine der h\u00f6chsten Federdichten aufweist, bietet es eine ausgewogene Unterst\u00fctzung f\u00fcr alle K\u00f6rpertypen und bewahrt die Form der Matratze \u00fcber viele Jahre.<\/p>\n<h2><img loading=\"lazy\" class=\"inner-top-image\" style=\"color: #333333; font-size: 16px;\" src=\"https:\/\/www.lovayatak.com\/images\/old\/aerosoft.jpg\" alt=\"\" width=\"462\" height=\"462\" \/><\/h2>\n<\/div>\n<\/div>\n<div class=\"content-row\">\n<div class=\"half-width\">\n<h1>FIBER LAYER<\/h1>\n<p><strong>Luftiger, weicher<\/strong><\/p>\n<p>Dank seiner weichen Faserstruktur verf\u00fcgt Aero Soft \u00fcber eine hohe Luftdurchl\u00e4ssigkeit und tr\u00e4gt so zur Aufrechterhaltung eines idealen W\u00e4rmehaushalts auf der Schlafoberfl\u00e4che bei. Es verbessert den Komfort, indem es mehr Weichheit f\u00fcr einen besseren Schlaf hinzuf\u00fcgt.<\/p>\n<\/div>\n<\/div>\n<div class=\"content-row\">\n<div class=\"half-width\">\n<h1>EXTRA WEICHE GRENZEN<\/h1>\n<p>Zus\u00e4tzliche F\u00fcllschichten von Kante zu Kante, einschlie\u00dflich der R\u00e4nder und Ecken, bieten eine weiche Unterst\u00fctzung in Ihrem gesamten Schlafbereich. Daher soll auch verhindert werden, dass die Seiten durchh\u00e4ngen, wenn Sie zu viel Zeit auf der Bettkante verbringen, wodurch die Lebensdauer der Matratze verl\u00e4ngert wird.<\/p>\n<\/div>\n<div class=\"half-width\"><img loading=\"lazy\" class=\"inner-top-image\" src=\"https:\/\/www.lovayatak.com\/images\/old\/ekstra_yumusak.jpg\" alt=\"\" width=\"524\" height=\"524\" \/><\/div>\n<\/div>\n<div class=\"content-row\">\n<div class=\"half-width\"><img loading=\"lazy\" class=\"inner-top-image\" src=\"https:\/\/www.lovayatak.com\/images\/old\/cleangruard.jpg\" alt=\"\" width=\"523\" height=\"523\" \/><\/div>\n<div class=\"half-width\">\n<h1>SAUBERER SCHUTZ HYGIENISCHER STOFF<\/h1>\n<p>Das Bettgewebe mit Clean Guard ist wasser-, schmutz- und \u00f6labweisend und mit Nano-Technologie ausgestattet. Strickgewebe unterst\u00fctzt dank seiner strukturellen Konzeption die Luftzirkulation. Es tr\u00e4gt \u00dcberstunden zur ordnungsgem\u00e4\u00dfen Pflege Ihrer Matratze bei, indem es sauber und hygienisch bleibt.<\/p>\n<\/div>\n<\/div>\n<div class=\"content-row\">\n<div class=\"half-width\">\n<p><strong>1- CLEAN GUARD KNIT FABRIC 2- AERO SOFT 3- SOFT FOAM 4- SOFT FOAM 5- PADDING 6- HRS SPRING SYSTEM<\/strong><\/p>\n<\/div>\n<div class=\"half-width\"><img loading=\"lazy\" class=\"inner-top-image\" src=\"https:\/\/www.lovayatak.com\/images\/old\/bed_layers\/sense_dream_star.jpg\" alt=\"\" width=\"702\" height=\"702\" \/><\/div>\n<\/div>\n<\/div>\n","protected":false},"excerpt":{"rendered":"<p>DOPPELSEITIGE VERWENDUNG Beide Seiten k\u00f6nnen verwendet werden. Sie k\u00f6nnen die Lebensdauer der Matratze verl\u00e4ngern, indem Sie sie in regelm\u00e4\u00dfigen Abst\u00e4nden<\/p>\n","protected":false},"featured_media":185422,"comment_status":"open","ping_status":"closed","template":"","meta":{"_joinchat":[]},"product_cat":[6342,6343,6310,6250,224,2134,5271],"product_tag":[6346],"yoast_head":"<!-- This site is optimized with the Yoast SEO plugin v19.13 - https:\/\/yoast.com\/wordpress\/plugins\/seo\/ -->\n<title>New Dream Star Matratze 90x190cm - Dogtas - Qualit\u00e4t f\u00fchlen!<\/title>\n<meta name=\"robots\" content=\"index, follow, max-snippet:-1, max-image-preview:large, max-video-preview:-1\" \/>\n<link rel=\"canonical\" href=\"https:\/\/www.dogtas.at\/new\/produkt\/dream-star-matratze-90x190cm\/\" \/>\n<meta property=\"og:locale\" content=\"de_DE\" \/>\n<meta property=\"og:type\" content=\"article\" \/>\n<meta property=\"og:title\" content=\"New Dream Star Matratze 90x190cm - Dogtas - Qualit\u00e4t f\u00fchlen!\" \/>\n<meta property=\"og:description\" content=\"DOPPELSEITIGE VERWENDUNG Beide Seiten k\u00f6nnen verwendet werden. Sie k\u00f6nnen die Lebensdauer der Matratze verl\u00e4ngern, indem Sie sie in regelm\u00e4\u00dfigen Abst\u00e4nden\" \/>\n<meta property=\"og:url\" content=\"https:\/\/www.dogtas.at\/new\/produkt\/dream-star-matratze-90x190cm\/\" \/>\n<meta property=\"og:site_name\" content=\"Dogtas - Qualit\u00e4t f\u00fchlen!\" \/>\n<meta property=\"article:publisher\" content=\"https:\/\/www.facebook.com\/saloniwien\" \/>\n<meta property=\"article:modified_time\" content=\"2024-08-06T06:24:03+00:00\" \/>\n<meta property=\"og:image\" content=\"https:\/\/www.dogtas.at\/new\/wp-content\/uploads\/Dream-Star-Matratze.png\" \/>\n\t<meta property=\"og:image:width\" content=\"1500\" \/>\n\t<meta property=\"og:image:height\" content=\"1500\" \/>\n\t<meta property=\"og:image:type\" content=\"image\/png\" \/>\n<meta name=\"twitter:card\" content=\"summary_large_image\" \/>\n<meta name=\"twitter:label1\" content=\"Gesch\u00e4tzte Lesezeit\" \/>\n\t<meta name=\"twitter:data1\" content=\"1\u00a0Minute\" \/>\n<script type=\"application\/ld+json\" class=\"yoast-schema-graph\">{\"@context\":\"https:\/\/schema.org\",\"@graph\":[{\"@type\":\"WebPage\",\"@id\":\"https:\/\/www.dogtas.at\/new\/produkt\/dream-star-matratze-90x190cm\/\",\"url\":\"https:\/\/www.dogtas.at\/new\/produkt\/dream-star-matratze-90x190cm\/\",\"name\":\"New Dream Star Matratze 90x190cm - Dogtas - Qualit\u00e4t f\u00fchlen!\",\"isPartOf\":{\"@id\":\"https:\/\/www.dogtas.at\/new\/#website\"},\"datePublished\":\"2021-01-25T22:35:53+00:00\",\"dateModified\":\"2024-08-06T06:24:03+00:00\",\"breadcrumb\":{\"@id\":\"https:\/\/www.dogtas.at\/new\/produkt\/dream-star-matratze-90x190cm\/#breadcrumb\"},\"inLanguage\":\"de\",\"potentialAction\":[{\"@type\":\"ReadAction\",\"target\":[\"https:\/\/www.dogtas.at\/new\/produkt\/dream-star-matratze-90x190cm\/\"]}]},{\"@type\":\"BreadcrumbList\",\"@id\":\"https:\/\/www.dogtas.at\/new\/produkt\/dream-star-matratze-90x190cm\/#breadcrumb\",\"itemListElement\":[{\"@type\":\"ListItem\",\"position\":1,\"name\":\"Startseite\",\"item\":\"https:\/\/www.dogtas.at\/new\/\"},{\"@type\":\"ListItem\",\"position\":2,\"name\":\"Shop\",\"item\":\"https:\/\/www.dogtas.at\/new\/shop\/\"},{\"@type\":\"ListItem\",\"position\":3,\"name\":\"New Dream Star Matratze 90x190cm\"}]},{\"@type\":\"WebSite\",\"@id\":\"https:\/\/www.dogtas.at\/new\/#website\",\"url\":\"https:\/\/www.dogtas.at\/new\/\",\"name\":\"Dogtas - Qualit\u00e4t f\u00fchlen!\",\"description\":\"Qualit\u00e4t f\u00fchlen!\",\"potentialAction\":[{\"@type\":\"SearchAction\",\"target\":{\"@type\":\"EntryPoint\",\"urlTemplate\":\"https:\/\/www.dogtas.at\/new\/?s={search_term_string}\"},\"query-input\":\"required name=search_term_string\"}],\"inLanguage\":\"de\"}]}<\/script>\n<!-- \/ Yoast SEO plugin. -->","yoast_head_json":{"title":"New Dream Star Matratze 90x190cm - Dogtas - Qualit\u00e4t f\u00fchlen!","robots":{"index":"index","follow":"follow","max-snippet":"max-snippet:-1","max-image-preview":"max-image-preview:large","max-video-preview":"max-video-preview:-1"},"canonical":"https:\/\/www.dogtas.at\/new\/produkt\/dream-star-matratze-90x190cm\/","og_locale":"de_DE","og_type":"article","og_title":"New Dream Star Matratze 90x190cm - Dogtas - Qualit\u00e4t f\u00fchlen!","og_description":"DOPPELSEITIGE VERWENDUNG Beide Seiten k\u00f6nnen verwendet werden. Sie k\u00f6nnen die Lebensdauer der Matratze verl\u00e4ngern, indem Sie sie in regelm\u00e4\u00dfigen Abst\u00e4nden","og_url":"https:\/\/www.dogtas.at\/new\/produkt\/dream-star-matratze-90x190cm\/","og_site_name":"Dogtas - Qualit\u00e4t f\u00fchlen!","article_publisher":"https:\/\/www.facebook.com\/saloniwien","article_modified_time":"2024-08-06T06:24:03+00:00","og_image":[{"width":1500,"height":1500,"url":"https:\/\/www.dogtas.at\/new\/wp-content\/uploads\/Dream-Star-Matratze.png","type":"image\/png"}],"twitter_card":"summary_large_image","twitter_misc":{"Gesch\u00e4tzte Lesezeit":"1\u00a0Minute"},"schema":{"@context":"https:\/\/schema.org","@graph":[{"@type":"WebPage","@id":"https:\/\/www.dogtas.at\/new\/produkt\/dream-star-matratze-90x190cm\/","url":"https:\/\/www.dogtas.at\/new\/produkt\/dream-star-matratze-90x190cm\/","name":"New Dream Star Matratze 90x190cm - Dogtas - Qualit\u00e4t f\u00fchlen!","isPartOf":{"@id":"https:\/\/www.dogtas.at\/new\/#website"},"datePublished":"2021-01-25T22:35:53+00:00","dateModified":"2024-08-06T06:24:03+00:00","breadcrumb":{"@id":"https:\/\/www.dogtas.at\/new\/produkt\/dream-star-matratze-90x190cm\/#breadcrumb"},"inLanguage":"de","potentialAction":[{"@type":"ReadAction","target":["https:\/\/www.dogtas.at\/new\/produkt\/dream-star-matratze-90x190cm\/"]}]},{"@type":"BreadcrumbList","@id":"https:\/\/www.dogtas.at\/new\/produkt\/dream-star-matratze-90x190cm\/#breadcrumb","itemListElement":[{"@type":"ListItem","position":1,"name":"Startseite","item":"https:\/\/www.dogtas.at\/new\/"},{"@type":"ListItem","position":2,"name":"Shop","item":"https:\/\/www.dogtas.at\/new\/shop\/"},{"@type":"ListItem","position":3,"name":"New Dream Star Matratze 90x190cm"}]},{"@type":"WebSite","@id":"https:\/\/www.dogtas.at\/new\/#website","url":"https:\/\/www.dogtas.at\/new\/","name":"Dogtas - Qualit\u00e4t f\u00fchlen!","description":"Qualit\u00e4t f\u00fchlen!","potentialAction":[{"@type":"SearchAction","target":{"@type":"EntryPoint","urlTemplate":"https:\/\/www.dogtas.at\/new\/?s={search_term_string}"},"query-input":"required name=search_term_string"}],"inLanguage":"de"}]}},"_links":{"self":[{"href":"https:\/\/www.dogtas.at\/new\/wp-json\/wp\/v2\/product\/185421"}],"collection":[{"href":"https:\/\/www.dogtas.at\/new\/wp-json\/wp\/v2\/product"}],"about":[{"href":"https:\/\/www.dogtas.at\/new\/wp-json\/wp\/v2\/types\/product"}],"replies":[{"embeddable":true,"href":"https:\/\/www.dogtas.at\/new\/wp-json\/wp\/v2\/comments?post=185421"}],"wp:featuredmedia":[{"embeddable":true,"href":"https:\/\/www.dogtas.at\/new\/wp-json\/wp\/v2\/media\/185422"}],"wp:attachment":[{"href":"https:\/\/www.dogtas.at\/new\/wp-json\/wp\/v2\/media?parent=185421"}],"wp:term":[{"taxonomy":"product_cat","embeddable":true,"href":"https:\/\/www.dogtas.at\/new\/wp-json\/wp\/v2\/product_cat?post=185421"},{"taxonomy":"product_tag","embeddable":true,"href":"https:\/\/www.dogtas.at\/new\/wp-json\/wp\/v2\/product_tag?post=185421"}],"curies":[{"name":"wp","href":"https:\/\/api.w.org\/{rel}","templated":true}]}}