{"id":187982,"date":"2022-02-10T15:46:41","date_gmt":"2022-02-10T14:46:41","guid":{"rendered":"https:\/\/www.dogtas.at\/new\/?post_type=product&#038;p=187982"},"modified":"2022-03-22T15:19:21","modified_gmt":"2022-03-22T14:19:21","slug":"arora-esszimmer-set","status":"publish","type":"product","link":"https:\/\/www.dogtas.at\/new\/produkt\/arora-esszimmer-set\/","title":{"rendered":"Arora Esszimmer Set"},"content":{"rendered":"<p>Arora Dining Room bringt mit jedem St\u00fcck ein einzigartiges Design in Ihre Wohnr\u00e4ume. Dieses Esszimmer-Set \u00fcberrascht diejenigen, die Eleganz zu Hause w\u00fcnschen. Arora Dining Room vervollst\u00e4ndigt sein modernes Design mit anderen St\u00fccken, darunter Esstisch, Spiegel, Konsole, Stuhl, Couchtisch und Kommode.<\/p>\n<p>Der mit Marmormustern gestaltete Arora Dining Room kann als modern bezeichnet werden. Es schafft Tiefe mit Streifendetails und bringt Innovation in Ihre Wohnr\u00e4ume. Sie k\u00f6nnen eine ideale Wahl f\u00fcr Ihr Zimmer treffen, indem Sie aus den klappbaren oder festen Esstischoptionen ausw\u00e4hlen, was Sie m\u00f6chten.<\/p>\n<p>Dieses Set erzeugt einen erg\u00e4nzenden Effekt f\u00fcr Ihren Raum. Sein Tisch hat zwei Farboptionen mit dunkelgrauen Holzbeinen, und das Set wird mit gesteppten oder nicht gesteppten Stuhlpr\u00e4ferenzen, einer Konsole und einem Spiegel vervollst\u00e4ndigt. Entdecken Sie jetzt das Arora Esszimmer-Set!<\/p>\n","protected":false},"excerpt":{"rendered":"<p>Arora Dining Room bringt mit jedem St\u00fcck ein einzigartiges Design in Ihre Wohnr\u00e4ume. Dieses Esszimmer-Set \u00fcberrascht diejenigen, die Eleganz zu<\/p>\n","protected":false},"featured_media":187983,"comment_status":"open","ping_status":"closed","template":"","meta":{"_joinchat":[]},"product_cat":[6245,532],"product_tag":[6385],"yoast_head":"<!-- This site is optimized with the Yoast SEO plugin v19.13 - https:\/\/yoast.com\/wordpress\/plugins\/seo\/ -->\n<title>Arora Esszimmer Set - Dogtas - Qualit\u00e4t f\u00fchlen!<\/title>\n<meta name=\"robots\" content=\"index, follow, max-snippet:-1, max-image-preview:large, max-video-preview:-1\" \/>\n<link rel=\"canonical\" href=\"https:\/\/www.dogtas.at\/new\/produkt\/arora-esszimmer-set\/\" \/>\n<meta property=\"og:locale\" content=\"de_DE\" \/>\n<meta property=\"og:type\" content=\"article\" \/>\n<meta property=\"og:title\" content=\"Arora Esszimmer Set - Dogtas - Qualit\u00e4t f\u00fchlen!\" \/>\n<meta property=\"og:description\" content=\"Arora Dining Room bringt mit jedem St\u00fcck ein einzigartiges Design in Ihre Wohnr\u00e4ume. Dieses Esszimmer-Set \u00fcberrascht diejenigen, die Eleganz zu\" \/>\n<meta property=\"og:url\" content=\"https:\/\/www.dogtas.at\/new\/produkt\/arora-esszimmer-set\/\" \/>\n<meta property=\"og:site_name\" content=\"Dogtas - Qualit\u00e4t f\u00fchlen!\" \/>\n<meta property=\"article:publisher\" content=\"https:\/\/www.facebook.com\/saloniwien\" \/>\n<meta property=\"article:modified_time\" content=\"2022-03-22T14:19:21+00:00\" \/>\n<meta property=\"og:image\" content=\"https:\/\/www.dogtas.at\/new\/wp-content\/uploads\/arora-ess-1024x1024.png\" \/>\n\t<meta property=\"og:image:width\" content=\"1024\" \/>\n\t<meta property=\"og:image:height\" content=\"1024\" \/>\n\t<meta property=\"og:image:type\" content=\"image\/png\" \/>\n<meta name=\"twitter:card\" content=\"summary_large_image\" \/>\n<meta name=\"twitter:label1\" content=\"Gesch\u00e4tzte Lesezeit\" \/>\n\t<meta name=\"twitter:data1\" content=\"1\u00a0Minute\" \/>\n<script type=\"application\/ld+json\" class=\"yoast-schema-graph\">{\"@context\":\"https:\/\/schema.org\",\"@graph\":[{\"@type\":\"WebPage\",\"@id\":\"https:\/\/www.dogtas.at\/new\/produkt\/arora-esszimmer-set\/\",\"url\":\"https:\/\/www.dogtas.at\/new\/produkt\/arora-esszimmer-set\/\",\"name\":\"Arora Esszimmer Set - Dogtas - Qualit\u00e4t f\u00fchlen!\",\"isPartOf\":{\"@id\":\"https:\/\/www.dogtas.at\/new\/#website\"},\"datePublished\":\"2022-02-10T14:46:41+00:00\",\"dateModified\":\"2022-03-22T14:19:21+00:00\",\"breadcrumb\":{\"@id\":\"https:\/\/www.dogtas.at\/new\/produkt\/arora-esszimmer-set\/#breadcrumb\"},\"inLanguage\":\"de\",\"potentialAction\":[{\"@type\":\"ReadAction\",\"target\":[\"https:\/\/www.dogtas.at\/new\/produkt\/arora-esszimmer-set\/\"]}]},{\"@type\":\"BreadcrumbList\",\"@id\":\"https:\/\/www.dogtas.at\/new\/produkt\/arora-esszimmer-set\/#breadcrumb\",\"itemListElement\":[{\"@type\":\"ListItem\",\"position\":1,\"name\":\"Startseite\",\"item\":\"https:\/\/www.dogtas.at\/new\/\"},{\"@type\":\"ListItem\",\"position\":2,\"name\":\"Shop\",\"item\":\"https:\/\/www.dogtas.at\/new\/shop\/\"},{\"@type\":\"ListItem\",\"position\":3,\"name\":\"Arora Esszimmer Set\"}]},{\"@type\":\"WebSite\",\"@id\":\"https:\/\/www.dogtas.at\/new\/#website\",\"url\":\"https:\/\/www.dogtas.at\/new\/\",\"name\":\"Dogtas - Qualit\u00e4t f\u00fchlen!\",\"description\":\"Qualit\u00e4t f\u00fchlen!\",\"potentialAction\":[{\"@type\":\"SearchAction\",\"target\":{\"@type\":\"EntryPoint\",\"urlTemplate\":\"https:\/\/www.dogtas.at\/new\/?s={search_term_string}\"},\"query-input\":\"required name=search_term_string\"}],\"inLanguage\":\"de\"}]}<\/script>\n<!-- \/ Yoast SEO plugin. -->","yoast_head_json":{"title":"Arora Esszimmer Set - Dogtas - Qualit\u00e4t f\u00fchlen!","robots":{"index":"index","follow":"follow","max-snippet":"max-snippet:-1","max-image-preview":"max-image-preview:large","max-video-preview":"max-video-preview:-1"},"canonical":"https:\/\/www.dogtas.at\/new\/produkt\/arora-esszimmer-set\/","og_locale":"de_DE","og_type":"article","og_title":"Arora Esszimmer Set - Dogtas - Qualit\u00e4t f\u00fchlen!","og_description":"Arora Dining Room bringt mit jedem St\u00fcck ein einzigartiges Design in Ihre Wohnr\u00e4ume. Dieses Esszimmer-Set \u00fcberrascht diejenigen, die Eleganz zu","og_url":"https:\/\/www.dogtas.at\/new\/produkt\/arora-esszimmer-set\/","og_site_name":"Dogtas - Qualit\u00e4t f\u00fchlen!","article_publisher":"https:\/\/www.facebook.com\/saloniwien","article_modified_time":"2022-03-22T14:19:21+00:00","og_image":[{"width":1024,"height":1024,"url":"https:\/\/www.dogtas.at\/new\/wp-content\/uploads\/arora-ess-1024x1024.png","type":"image\/png"}],"twitter_card":"summary_large_image","twitter_misc":{"Gesch\u00e4tzte Lesezeit":"1\u00a0Minute"},"schema":{"@context":"https:\/\/schema.org","@graph":[{"@type":"WebPage","@id":"https:\/\/www.dogtas.at\/new\/produkt\/arora-esszimmer-set\/","url":"https:\/\/www.dogtas.at\/new\/produkt\/arora-esszimmer-set\/","name":"Arora Esszimmer Set - Dogtas - Qualit\u00e4t f\u00fchlen!","isPartOf":{"@id":"https:\/\/www.dogtas.at\/new\/#website"},"datePublished":"2022-02-10T14:46:41+00:00","dateModified":"2022-03-22T14:19:21+00:00","breadcrumb":{"@id":"https:\/\/www.dogtas.at\/new\/produkt\/arora-esszimmer-set\/#breadcrumb"},"inLanguage":"de","potentialAction":[{"@type":"ReadAction","target":["https:\/\/www.dogtas.at\/new\/produkt\/arora-esszimmer-set\/"]}]},{"@type":"BreadcrumbList","@id":"https:\/\/www.dogtas.at\/new\/produkt\/arora-esszimmer-set\/#breadcrumb","itemListElement":[{"@type":"ListItem","position":1,"name":"Startseite","item":"https:\/\/www.dogtas.at\/new\/"},{"@type":"ListItem","position":2,"name":"Shop","item":"https:\/\/www.dogtas.at\/new\/shop\/"},{"@type":"ListItem","position":3,"name":"Arora Esszimmer Set"}]},{"@type":"WebSite","@id":"https:\/\/www.dogtas.at\/new\/#website","url":"https:\/\/www.dogtas.at\/new\/","name":"Dogtas - Qualit\u00e4t f\u00fchlen!","description":"Qualit\u00e4t f\u00fchlen!","potentialAction":[{"@type":"SearchAction","target":{"@type":"EntryPoint","urlTemplate":"https:\/\/www.dogtas.at\/new\/?s={search_term_string}"},"query-input":"required name=search_term_string"}],"inLanguage":"de"}]}},"_links":{"self":[{"href":"https:\/\/www.dogtas.at\/new\/wp-json\/wp\/v2\/product\/187982"}],"collection":[{"href":"https:\/\/www.dogtas.at\/new\/wp-json\/wp\/v2\/product"}],"about":[{"href":"https:\/\/www.dogtas.at\/new\/wp-json\/wp\/v2\/types\/product"}],"replies":[{"embeddable":true,"href":"https:\/\/www.dogtas.at\/new\/wp-json\/wp\/v2\/comments?post=187982"}],"wp:featuredmedia":[{"embeddable":true,"href":"https:\/\/www.dogtas.at\/new\/wp-json\/wp\/v2\/media\/187983"}],"wp:attachment":[{"href":"https:\/\/www.dogtas.at\/new\/wp-json\/wp\/v2\/media?parent=187982"}],"wp:term":[{"taxonomy":"product_cat","embeddable":true,"href":"https:\/\/www.dogtas.at\/new\/wp-json\/wp\/v2\/product_cat?post=187982"},{"taxonomy":"product_tag","embeddable":true,"href":"https:\/\/www.dogtas.at\/new\/wp-json\/wp\/v2\/product_tag?post=187982"}],"curies":[{"name":"wp","href":"https:\/\/api.w.org\/{rel}","templated":true}]}}